w) = -w - 7. Let p be d(-3). What is the remainder when -1*1 + k/p is divided by 6?
4
Let o = -39 - -21. Let f = 27 + o. Calculate the remainder when 17 is divided by f.
8
Suppose 0*h - 4*h - 145 = -5*d, -2*d + 5*h = -75. Let w(f) = f**2 - 11*f + 9. Let z be w(7). Let n = z + 28. What is the remainder when d is divided by n?
7
Let b(u) = 5*u**2 - u. Let i be b(1). Suppose -i*g - 77 = -11*g. What is the remainder when 31 is divided by g?
9
Suppose 0 = -v - 2*v + 12. Suppose v*f - 48 = -4*g, 5*g - 4*f = g + 8. Calculate the remainder when 12 is divided by g.
5
Suppose 2*n - 4*b = 28, -n - 4*n + 118 = 2*b. Calculate the remainder when n is divided by 12.
10
Let i be (-8)/10*(-8 - -3). Calculate the remainder when 26 is divided by (i + -5)*9/(-1).
8
Let r(n) = n**2 - n + 10. Let f(x) = -5*x**2 + 6*x - 51. Let g(i) = 2*f(i) + 11*r(i). Calculate the remainder when g(0) is divided by 3.
2
Let y be 3/(6/(-8)*-1). Suppose -5*j - 33 = 4*f, -y*j - 4 = 4*f + 24. Let p(n) = -8*n - 2. Calculate the remainder when 40 is divided by p(f).
12
Suppose 0 = 5*h + 5*b - 325, -3*h = -7*h + 4*b + 252. Suppose z + 3 = h. What is the remainder when z is divided by 21?
19
Let p(t) = 10*t - 1. Let q be p(4). Let m = q - 69. Calculate the remainder when 3/(88/m - -3) is divided by 23.
22
Suppose -4*s + 584 = 5*o, -s + 4*o + 62 + 84 = 0. Calculate the remainder when s is divided by 50.
46
Let n = 4 - 2. Suppose 2*c - 8 = -n*c. Suppose -4*a - 2 = -c*q, -3*a = 2*q - 2*a - 22. What is the remainder when 16 is divided by q?
7
Suppose -127 = -5*n + 2*v, -3*v = 2*v - 20. Calculate the remainder when n is divided by 14.
13
Suppose 0 = -3*i - c + 18, 2*i = 3*c - 2 + 3. What is the remainder when 44 is divided by i?
4
Suppose 4*b - 20 = -2*n + 3*n, -n - 4 = 0. Suppose 65 = 5*p - a, -p + 0*a - 6 = -b*a. Calculate the remainder when p is divided by 5.
4
Let c = 13 + -4. Let d = c - -2. Calculate the remainder when d is divided by (0 + (-12)/9)*-3.
3
Let k(i) = 2*i + 3. Let v be k(-3). Let b(h) = -16*h + 2. Let g be b(v). Suppose -2*y + 7*y = g. What is the remainder when 29 is divided by y?
9
Let m = -28 + 44. Let c(a) = -16*a - 1. Calculate the remainder when c(-2) is divided by m.
15
Suppose 2*o = u + 3*u + 20, -o + 15 = -u. What is the remainder when o is divided by 11?
9
What is the remainder when 33 is divided by (-1 - -7) + (18/2)/3?
6
Suppose 6 = 2*u, 4*u = -2*j + 10 + 6. Suppose j*d = k + 82, -5*d + 165 = -k - k. Calculate the remainder when 28 is divided by 3/2*k/(-12).
8
Let x = -19 + 44. Let v(b) = 36*b + 2. Calculate the remainder when v(2) is divided by x.
24
Let q(t) = t + 6. Let j be q(-6). Suppose 5*h = -7 + 17. Suppose j*s = h*s - 16. Calculate the remainder when s is divided by 5.
3
Calculate the remainder when 67 is divided by (115/(-3))/5*-3.
21
Suppose 0 = s + s - d - 28, 3*d + 36 = 2*s. Calculate the remainder when s is divided by ((-14)/4)/((-2)/4).
5
Suppose 3*g - 51 = -0*g. Calculate the remainder when 31 is divided by g.
14
Suppose -2*w = -3*z + 16 + 5, 4*w = 4*z - 32. Let n = -6 - w. Calculate the remainder when 3 is divided by n/(-1) + 0/(-4).
0
Let p(q) = 2*q**2 + 8*q + 1. Calculate the remainder when 73 is divided by p(-6).
23
Suppose 2*y - 1 - 1 = 0. Calculate the remainder when y*(23 - 0 - -3) is divided by 9.
8
Suppose 7*k - 36 = 4*k. Calculate the remainder when 45 is divided by k.
9
Let g(o) = 3*o**2 - 14*o + 1. What is the remainder when g(6) is divided by 13?
12
Let z(l) = 3*l - 2. Let d be z(2). Suppose -d*y + 4 = 5*k - 3*k, -k + y + 11 = 0. What is the remainder when 15 is divided by k?
7
Let t(k) = -2*k - 5. Let c(x) = x**3 - x**2 - x + 6. Let r be c(0). Let m = -4 + r. What is the remainder when t(-4) is divided by m?
1
Let c(y) be the third derivative of y**5/60 - y**4/4 + 7*y**3/6 - y**2. Let a be c(5). Let z = 13 - a. What is the remainder when 31 is divided by z?
9
Suppose -2*f - 3*u + 26 = 0, 4*u + 3 = f + 3*u. Let z = -17 + 29. What is the remainder when z is divided by f?
5
Let b = 53 - 82. What is the remainder when b*(-1 + 0) + 2 is divided by 16?
15
Let b = 8 + -5. Suppose -2*m - 18 = -b*m. Calculate the remainder when 34 is divided by m.
16
Let k be 8/20 - (-54)/(-10). Calculate the remainder when 59 is divided by ((-8)/k)/(8/100).
19
Let j(y) = y**2 - 10*y + 16. What is the remainder when j(9) is divided by 5?
2
Let u(t) = t**3 - 7*t**2 + 12*t - 29. What is the remainder when 26 is divided by u(6)?
5
Let x = 105 - 62. Suppose a + 9*j - 12*j = 8, 0 = 3*j - 3. What is the remainder when x is divided by a?
10
Let o = -1 + 1. Suppose f + 2*f = -3*y + 33, o = 3*y - 4*f - 68. Suppose -2*m + 27 = m + 2*k, 36 = 4*m + 3*k. Calculate the remainder when y is divided by m.
7
Suppose -5*v = 4*p - 94, 4*v - 19 - 52 = p. Calculate the remainder when v is divided by 14*((-3)/2 - -2).
4
Suppose -2*c + 135 = c. What is the remainder when 24 is divided by ((-6)/4)/(c/(-390))?
11
Let p(z) = -z**3 - z + 39. Suppose 0*a - 5*a = 0. Let f = -26 + 40. Calculate the remainder when p(a) is divided by f.
11
Suppose 3*j - 8*j = -35. Let k(z) = 5*z - 5. Let p = 4 + 12. Calculate the remainder when k(j) is divided by p.
14
Suppose 9*n - 4*n - 25 = 5*s, -4*n - 3*s = -20. What is the remainder when n is divided by 5 + (-2 - (-2)/(-2))?
1
Let p = -11 + 18. What is the remainder when 10 is divided by p?
3
Calculate the remainder when 93 is divided by -1 - 3 - (-11 + -17).
21
Suppose 5*z + 1 = 3*t - 8, -2*z = -t + 3. Suppose 20 = t*x - 2*p, -6*p - 8 = -4*p. Calculate the remainder when x is divided by 2.
0
Let j = -17 + 33. Calculate the remainder when 30 is divided by j.
14
Suppose -3*b + 3*h - 6 + 42 = 0, -4*h = 3*b - 29. Let v(s) = 22*s - 2. Calculate the remainder when v(2) is divided by b.
9
Let r = -101 + 141. What is the remainder when r is divided by 22?
18
Let g(v) = -29*v + 4. What is the remainder when g(-3) is divided by 31?
29
Suppose f - 75 + 16 = 0. What is the remainder when f is divided by 30?
29
Calculate the remainder when (-1 + 0 - -48) + (97 - 97) is divided by 10.
7
Let f(s) = 36*s. Let i be f(4). Suppose 0 = -3*z - 15, 0 = 4*n - 4*z - 0*z - i. Let w = 26 + -10. Calculate the remainder when n is divided by w.
15
Let p = 21 + -12. Let s(u) = u**3 + 8*u**2 - u + 9. Calculate the remainder when s(-8) is divided by (-2)/4*-2*p.
8
Suppose 5*l + 19 = l + 3*p, -3*l = 4*p + 33. Let n(r) = -r + 2. Let o be n(l). What is the remainder when ((-28)/3)/((-3)/o) is divided by 15?
13
Suppose k - 4*f = 31, -4*k + 6*f + 113 = f. What is the remainder when k is divided by 8?
3
Let x = 12 + -1. Suppose -5*p = -51 - 99. Calculate the remainder when p is divided by x.
8
Let m(b) = 15*b + 6. Suppose 5*l = -14 + 34. Calculate the remainder when m(l) is divided by 17.
15
Let y(l) = l**2. Let c be y(0). Suppose 3*j - 18 + c = 0. Let q(k) = k**2 - 3*k + 6. Calculate the remainder when q(j) is divided by 9.
6
Suppose 0 = 4*s, 5*s = -3*w + 154 - 46. Calculate the remainder when 68 is divided by w.
32
Suppose -5*b - 5*q = -35, 0 = -2*q + 4*q - 6. Suppose 5*r = 2*r + 2*w + 30, 2*r - 20 = -3*w. What is the remainder when r is divided by b?
2
Suppose -4*a + 6*a - 234 = 0. Suppose -4*f + a = -31. Suppose 4*x + 2*c = -0*c + 48, 3*c = -4*x + 46. What is the remainder when f is divided by x?
11
Calculate the remainder when 14 + 1*1/(-1) is divided by 0 + -2 - 42/(-6).
3
Suppose -4*k = k - 70. What is the remainder when 67 is divided by k?
11
Suppose -3 = -2*q + q. Calculate the remainder when q is divided by ((-2)/4)/((-2)/8).
1
Suppose 2*y = -7*q + 2*q + 19, 4*y + 4*q = 20. Suppose 0 = -4*f - y*a + 30, 2*a - a = -f + 6. Calculate the remainder when 19 is divided by 2 - (f/3 + -6).
4
Suppose 2*u + 4 = 2*w, -3*w + 4*u = -3 - 2. Suppose f = 4*m + 56, -w*f = -4*m - 70 - 58. Calculate the remainder when f is divided by 13.
10
Let a = 81 + -52. Let h = a - 17. What is the remainder when 47 is divided by h?
11
Suppose 4*y = -y - 3*q + 960, -3*y + 572 = q. Suppose 0 = 4*m + 3*u - y, -u = 5*m - 6*u - 210. Calculate the remainder when m is divided by 23.
22
Suppose 4*u + 2*d = 90, 3*d - 51 = -u - u. What is the remainder when 116 is divided by u?
11
Suppose 0 = -15*t + 13*t + 118. Calculate the remainder when t is divided by 30.
29
Let x be (-4)/(-18) - (-75)/27. Suppose k + x*i - 10 